 o and j?
36
Let w = -136 - -138. Let r = 60 - -12. Suppose 2*g - r = -w*g. What is the greatest common factor of g and 12?
6
Suppose 0 = -2*s - u + 301, 2*s - 4*u = s + 173. Let p = s + -148. Calculate the highest common factor of 55 and p.
5
Suppose -6219*c = -6213*c - 1860. What is the highest common factor of c and 60?
10
Let a = 16 + -9. Suppose -a*d + d = -30. Suppose -d*o + 92 = 2*g, 5*g = -2*o + 19 + 169. Calculate the highest common factor of 108 and g.
36
Let i = -13591 - -20581. Calculate the highest common factor of i and 90.
30
Let u(i) = 0*i + 12 + 6*i - 2*i - 6*i - 7*i. Let a be u(-18). What is the greatest common factor of 116 and a?
58
Suppose k + 1085 = 6*k. Let x be (-31)/(-2)*17/(-323)*-38. Calculate the greatest common factor of x and k.
31
Let m = -165 - 15. Let z be (-30740)/m + (-14)/18 + 1. Let l = -2 - -21. Calculate the greatest common divisor of l and z.
19
Let w(r) = -6*r + 12. Let h be w(-6). Let b = 57 - h. Let x(l) = 143*l**3 + l**2 + 9*l - 9. Let c be x(1). What is the greatest common divisor of c and b?
9
Suppose -x + 399 = 2*x + 2*z, -282 = -2*x + 4*z. Suppose -4*l + 78 = 2*t, l + 5*t - 1 = 14. Let h = 35 - l. Calculate the highest common divisor of x and h.
15
Let c = -11 - -8. Let t be (c/(-2))/(66/(-88)). Let v = t - -14. Calculate the highest common divisor of 18 and v.
6
Suppose -6*n + 0 = -36. Suppose 3*g + n*u - 22 = 7*u, -5*g = 5*u - 30. Calculate the greatest common factor of 112 and g.
7
Let f = -7578 + 8426. Calculate the highest common divisor of f and 272.
16
Let w = 718 + -286. Let k = -431 + w. Calculate the highest common divisor of k and 37.
1
Let v = 1801 + -526. Calculate the highest common factor of 450 and v.
75
Let v = -62 - -122. Suppose -65*l - 100 = -v*l. Let z(k) = k + 41. Let b be z(l). What is the highest common factor of 189 and b?
21
Let t be -5 - (-21 + 21) - 1821/(-1). Calculate the highest common divisor of 20 and t.
4
Let f be (-1 - 1291)*(-57)/228. What is the greatest common factor of 17 and f?
17
Let r be (-4)/((-4)/15) - (-8)/8. Suppose -11*j - 75 = -r*j. Suppose 5*d - j = 2*d, -4*d + 32 = 4*z. Calculate the greatest common divisor of z and 1.
1
Suppose -30*c - 21*c + 100 + 2 = 0. What is the greatest common divisor of 94 and c?
2
Suppose -326*z - 104 = -305*z - 3149. Calculate the highest common factor of z and 10.
5
Let x = -5 - -37. Suppose 4*q + 3*q - 7 = 0. Suppose q = u - 23. What is the greatest common divisor of x and u?
8
Let h(b) be the first derivative of -25*b - 5/2*b**2 + 29. Let u be h(-14). What is the greatest common factor of u and 10?
5
Let u be 46/20 + (5538/(-260) - -21) + (0 - -8). Let t = 59 - -611. What is the greatest common factor of t and u?
10
Suppose 0 = -741*a + 715*a + 11440. What is the highest common factor of a and 4000?
40
Suppose -26 = -5*h - 4*y, 4*h = 2*y - 5*y + 21. Let s be 674/4 - (-3)/((-60)/50). Let d be s/18 + -4 - h/27. What is the highest common factor of 80 and d?
5
Let z = 42078 + -16782. Calculate the highest common factor of z and 8.
8
Let q = 2641 + -2485. What is the greatest common divisor of 564 and q?
12
Let x(o) = -185*o - 10. Let t be x(-1). Let a be 53600/t + (-4)/14. Calculate the greatest common divisor of a and 68.
34
Let c(g) = 9*g**2 + 1434*g - 9. Let j be c(-165). What is the greatest common factor of j and 3?
3
Let q(m) = m + 27. Let k be q(-27). Let v be 41 - (1 - 4 - -4 - k). What is the highest common factor of 200 and v?
40
Suppose -12*n + 224 = -8*n. Suppose 0 = 131*p - 138*p + n. What is the highest common factor of 280 and p?
8
Suppose -8129*t = -8156*t + 1242. Let p = 311 - 150. What is the highest common divisor of t and p?
23
Suppose -146*h - 101*h = -58292. What is the greatest common factor of 2891 and h?
59
Let w be (3/(-2))/(33/(-30) - -1). Suppose w*g - 10*g + 5 = 0. Let i be g + (9 - (-12)/(-3)). Calculate the highest common divisor of 32 and i.
4
Let j be (-20)/(-5)*(-2169)/36. Let k = j + 274. Suppose a + 2*d - 27 = 6*d, 0 = 2*a + 5*d - 2. What is the highest common factor of a and k?
11
Let x be (72/(-63))/((-1)/7). Let u(m) = 12*m - 51. Let o be u(x). Calculate the greatest common divisor of 60 and o.
15
Let o = -2 - -8. Suppose 534 = 14*n + 58. Suppose 3*l + x - 3*x - n = 0, l - x = 11. What is the greatest common divisor of l and o?
6
Suppose 0 = 6*q - 18 - 18. Suppose q = 3*v, -5*z + 0*v + v = -623. Calculate the highest common factor of z and 50.
25
Suppose 0 = 11*l - 6*l - 3*h - 419, 4*l + h - 325 = 0. What is the greatest common divisor of l and 14?
2
Let c(v) = 477*v**2 - 9*v + 4. Let i be c(-1). Calculate the highest common divisor of 1120 and i.
70
Let n = 24 + -22. Suppose 24 + 46 = n*f. Suppose -m = 3*z - 376, -2*m - z + 3 + 764 = 0. What is the highest common factor of m and f?
35
Suppose -7*u = -505 - 90. Let j = -83 + u. Suppose -5*v + 2*v = -4*o - 428, 4*o - 252 = -j*v. What is the greatest common factor of v and 17?
17
Let v be (4 + -11 - -2847) + -15. What is the greatest common factor of v and 100?
25
Let n be (27/18)/((-15)/(-4750)). What is the greatest common divisor of 114 and n?
19
Let u = 294 - 176. Let o = u - 84. Suppose h + h - o = -4*x, -3*x - 17 = -h. Calculate the highest common divisor of h and 187.
17
Let g(t) = 253*t + 11. Let c be g(1). Let m be (-35)/14*c/(-5). Calculate the greatest common divisor of m and 24.
12
Let j(h) = 3*h**2 - h - 8. Let g be j(3). Let a(b) = -b - 9. Let x be a(-12). Let w be (2 - -5 - x)/(2 - 0). What is the greatest common factor of g and w?
2
Let x = -306338 + 306560. Suppose -6*u = -2*u - 5*p - 1209, -5*u - 3*p + 1465 = 0. Calculate the highest common divisor of u and x.
74
Suppose 0 = q - v - 46, 165*q - 164*q + v = 38. Calculate the highest common factor of 903 and q.
21
Let c = 3277 + -3137. Calculate the highest common factor of 880 and c.
20
Let w = 631 + -569. Let d = 405 - 219. Calculate the highest common divisor of d and w.
62
Let h(s) = 442*s + 2028. Let m be h(-3). Let a = -37 + 55. Calculate the highest common factor of a and m.
18
Suppose 1216167 - 396855 = 404*r. What is the greatest common divisor of r and 48?
12
Let o(g) = g**3 - 10*g**2 - 34*g + 39. Let h be (2 - 3)/(-5*7/455). Let y be o(h). What is the greatest common divisor of y and 52?
52
Suppose 244731 = 48*w + 39*w. What is the greatest common divisor of 29 and w?
29
Let c(m) be the second derivative of m**4/6 + 13*m**3/2 + 20*m**2 + 34*m - 1. Let w be c(-22). Calculate the greatest common factor of w and 90.
30
Suppose y + 3*f - 14 = 0, y - 8*f + 18 = -3*f. Suppose -14 = -3*t - u, -y = t - 27*u + 26*u. What is the highest common divisor of 6 and t?
3
Let j(y) = y**3 + 6*y**2 - 22*y - 97. Let t be j(-7). What is the highest common divisor of t and 13536?
8
Let w = -21 + 39. Suppose 3*h - g = 39, 5*g = h - w - 9. Calculate the highest common factor of h and 6.
6
Let y be (-14)/(-7) + 2 + (-42)/(-2). Let n = 29 - y. Suppose 13 = f + 2*b + 1, -n*f + b = -12. What is the greatest common factor of 52 and f?
4
Suppose 0 = i - 3*x - 113 - 13, x + 714 = 5*i. What is the highest common divisor of i and 1284?
12
Let w(g) = g**2 + 16*g + 27. Let n be w(-8). Let j = 48 + n. Suppose 4*q = -y + 5*q + 126, -3*y + 383 = -4*q. What is the greatest common divisor of y and j?
11
Let c(o) = -2*o**2 + 40*o - 22. Let i = -20 - -38. Let f be c(i). Suppose 4*l + 6*l = f. Calculate the highest common divisor of 15 and l.
5
Let b = -244 + 388. Suppose -10*a = 5*f - 14*a - 60, -f = -2*a - 6. What is the highest common divisor of b and f?
16
Suppose 28086 = 2*g + 3*b, -g - 5*b + 5168 = -8875. Calculate the greatest common divisor of 186 and g.
93
Let n = 75 + -101. Let a = 31 + n. Suppose -d = a, 7*u - 3*u + 5*d = 35. Calculate the greatest common factor of 6 and u.
3
Let n = 26093 + -25821. What is the greatest common divisor of 592 and n?
16
Let y(b) = 7*b - 1. Let k be y(1). Let j be ((-2)/k)/((-13)/78). Suppose -11*h = -j*h - 792. Calculate the greatest common factor of h and 11.
11
Let b = 217 - 213. Suppose -b*r = 27 - 147. What is the greatest common divisor of r and 75?
15
Suppose -219*x + 214*x = -180. Suppose 79*m - 66*m = 936. Calculate the highest common factor of m and x.
36
Let q(x) = 97*x**2 - 8*x - 7. Let t be (-156 + 153)/(1 + 2). Let p be q(t). Let b = 274 - 